
Let j(x) = 4*x + 3*x - 4*x + 19 - 4*x. Is j(0) a prime number?
True
Let q(z) = z**2 + 2*z + 4. Let b(p) = -p + 1. Let v(n) = -3*b(n) + q(n). Let u be v(-5). Is 62/u*(-5)/(-10) a composite number?
False
Suppose -5397 + 1207 = -5*n. Is n a prime number?
False
Let a = 5 + -3. Let i be a/8 - (-675)/(-12). Let t = 81 + i. Is t a prime number?
False
Let c = -94 - 271. Let g = 528 + c. Is g prime?
True
Suppose 3*s = 4*s - 586. Is s prime?
False
Suppose 0*k - k - 2*v = 1, -2*k = -2*v - 10. Suppose -k*o + 218 = -o. Suppose 4*t + o = 377. Is t prime?
True
Let a = 4 - 5. Let l be (a/2 - 2)*14. Let x = l - -49. Is x a composite number?
True
Suppose -4*t - q + 5005 = 0, 2*q - 843 = -5*t + 5411. Suppose -m = 5*f - 405, -5*m - 2*f - t = -3231. Is m prime?
False
Let b(o) = -o**3 + 6*o**2 + 4*o - 5. Let q be (0 + (14 - 2))/2. Is b(q) a composite number?
False
Suppose -4*i + 5*g + 402 = -25, -3*g + 15 = 0. Is i a prime number?
True
Let o be (-30)/(-9)*12/10. Suppose 0 = t + 3*f - 13, 0 = o*t + 2*f + 2 - 74. Is t prime?
True
Let n = 11 - 9. Suppose -n*h - 140 = -4*a, 38 = -3*a + 5*h + 129. Is a a prime number?
True
Let d(f) = 25*f + 38. Let m(o) = 17*o + 25. Let v(y) = -5*d(y) + 8*m(y). Is v(12) a composite number?
True
Let w(a) = -11*a - 6. Is w(-4) prime?
False
Let v(d) = -2*d**2 - 6*d - 9. Let r(m) = -m**2 - 3*m - 4. Let q(n) = -5*r(n) + 2*v(n). Let y be q(-3). Is y + 2/((-4)/(-22)) a composite number?
False
Suppose -47 = -2*s + 5*n, -n + 158 = 8*s - 3*s. Is s prime?
True
Is (-2206)/(4/(-16) + (-7)/4) composite?
False
Suppose -5*i + 5*x + 339 - 49 = 0, 3*i = -x + 170. Let q = 5 - 2. Suppose -q*o = -0*o - i. Is o composite?
False
Let r(c) = c**2 + 7*c + 7. Suppose -28 = -5*b + 2. Is r(b) a composite number?
True
Let n(u) = -u**3 - u - 1. Let l(i) = -7*i**3 + 14*i**2 - 22. Let k(y) = l(y) - 6*n(y). Let t be k(13). Is (t/3 - -2)*3 a prime number?
False
Let x(d) = -d - 3. Let g be x(-8). Suppose -4*a - 2*i - 2*i = 0, -2*i = -3*a + 5. Is g/a - 4/(-2) a prime number?
True
Let q(m) = m**2 + 8*m + 2. Let a be q(-8). Let f(d) = -12*d**2 - 5*d + 5. Let x(w) = 23*w**2 + 9*w - 9. Let g(l) = 5*f(l) + 3*x(l). Is g(a) a prime number?
False
Is (-6)/(-4)*(87 + 7) a prime number?
False
Is 3/(-12) + (-1359)/(-12) a composite number?
False
Let r be 90 - (3 - (0 + 2)). Let b = 98 + r. Is b prime?
False
Suppose -10*p = -12*p + 8. Suppose p*b - 6*b + 74 = 0. Is b prime?
True
Let i = 7 - 7. Let y(g) = g**2 + g + 25. Is y(i) a prime number?
False
Suppose -8*u + 892 = -4*u. Is u a prime number?
True
Suppose 0 = 4*l - 153 + 29. Is l composite?
False
Let k(s) = -s**3 - 6*s**2 - 6*s - 3. Let r be k(-5). Suppose -3*f - 4*c + 181 = 0, r*c - 253 = -4*f - c. Is f a composite number?
False
Let j(n) = 5*n**3 + n**2 + n - 1. Let x be j(1). Let w be (x/(-9))/(2/(-54)). Suppose 0 = f - 8 - w. Is f prime?
False
Suppose -515 = -6*m + 1063. Is m prime?
True
Suppose 4*a + 202 = -w - w, 2*w - 2*a = -178. Let u = w - -292. Is u composite?
False
Let f(v) = 2*v**2 + 14*v - 12. Let l(y) = -3*y**2 - 13*y + 11. Let a(k) = 4*f(k) + 3*l(k). Is a(11) a composite number?
True
Let r = -3 + 68. Is r composite?
True
Is 1 - -142 - (6 - 6) a composite number?
True
Let l(v) = v**2 - v + 16. Let u be l(0). Let f = u + 42. Is f a prime number?
False
Let p(o) = 4*o**2 - 5. Let c(l) = l**2 + l - 1. Let u(k) = -5*c(k) + p(k). Let x be u(-4). Suppose n - 1 = 2, -67 = -x*h - 5*n. Is h composite?
False
Let s = 425 + -235. Suppose -4*c - 3*n + 131 = 0, -5*c + 5*n = -0*c - s. Is c composite?
True
Let m(k) = 21*k + 17. Let o(z) = 7*z + 6. Let w(h) = -4*m(h) + 11*o(h). Suppose 0 = -0*u + 3*u + 9. Is w(u) a composite number?
False
Let j(b) = -b**3 + 9*b**2 - 11*b + 9. Let q be j(7). Let y(f) = -14*f + 3. Let h be y(-7). Suppose 2*g - h = -g - 4*t, q = g + 5*t. Is g prime?
False
Let p = -15 - -20. Suppose 2*w = -6, 3*w = z + p - 23. Is z a prime number?
False
Let r(f) be the first derivative of f**3/3 - 2*f - 1. Is r(9) a prime number?
True
Let l(i) = 130*i - 51. Is l(25) a prime number?
False
Let o(d) = 11*d - 4. Suppose 5*f + 3 + 12 = 0. Let q be o(f). Is (q/(-3))/((-4)/(-12)) prime?
True
Suppose 15 = -4*c + 7*c. Suppose -369 + 68 = -4*u + c*d, -u + 54 = 3*d. Is u a prime number?
False
Let k = -756 - -3705. Is k prime?
False
Let l = -2 - -4. Suppose -3*c - 10 = l*c, -5*c - 273 = -u. Suppose u = 5*g - 2*z, g = z + z + 51. Is g a composite number?
False
Let n be 1/5 + 12/15. Let o(z) = z**3 - 6*z**2 + 4*z - 1. Let s be o(6). Suppose -t + 1 = -4*l, t + 3*l + n = s. Is t a composite number?
False
Suppose h = -2*h + 129. Is h composite?
False
Is (-1776)/(-14) - 1/(-7) a composite number?
False
Let p = 1329 + -90. Is ((-2)/6)/((-7)/p) a composite number?
False
Let w = 6 - 6. Suppose 8*p - 3*p = -25, -5*j - p + 1290 = w. Is j prime?
False
Suppose -3*h + 6*h - 18 = -4*b, 12 = 3*h + 2*b. Let s = 3 - h. Is (92/8)/(s/2) a composite number?
False
Let d(w) = w**3 + 6*w**2 - 2*w - 5. Let v be (-6)/1 + 2 + -1. Let t = v - 1. Is d(t) a composite number?
False
Suppose -4*c = 2*p + p + 12, 4*c = -5*p - 20. Suppose -3*u + 0*n - n + 21 = c, 2*u + n - 14 = 0. Is u a composite number?
False
Let m = 13 - 11. Suppose m*t - 3*t = -497. Is t a prime number?
False
Let o(q) be the second derivative of -q**5/20 + 3*q**4/4 - 5*q**3/3 + 3*q**2 - 2*q. Let p be o(6). Let d = p + -5. Is d composite?
True
Suppose -5 + 17 = 4*t. Suppose -t*s + 246 = -s. Is s prime?
False
Let x be (-1)/(1/(-2)) - -1. Suppose -p - 5*y = -50, 3*y - 113 - 73 = -x*p. Is p a composite number?
True
Is (1889/2 + 0)/((-7)/(-14)) a prime number?
True
Let s(u) = -193*u**3 - u**2 - 3*u. Let z(a) = -194*a**3 - a**2 - 4*a. Let y(q) = -4*s(q) + 3*z(q). Is y(1) a composite number?
False
Let f be 4 - 3/(6/(-2)). Suppose 4*h - l - 415 - 852 = 0, 0 = 5*l - f. Is h composite?
False
Let w(f) = f**3 - 3*f - 1. Let h be w(-2). Let g = -2 - h. Is 5/2 + g/2 prime?
True
Let v(n) = 218*n - 1. Let l be v(1). Let i = l + -102. Is i composite?
True
Suppose 0 = 3*h - 2*y - 736, 0 = 4*h - 3*y - y - 988. Suppose -3*x = -7 - h. Is x a composite number?
False
Let j be 8/24 - 127/3. Let x = 109 + j. Is x a prime number?
True
Let q = -42 - -24. Let m be ((-11)/4)/((-2)/40). Let v = q + m. Is v a composite number?
False
Suppose -g = -0 - 3. Suppose 0 = g*x - 0*x - 12. Suppose -11 = -x*o + 1. Is o a composite number?
False
Suppose 2*t = 894 + 1652. Is t a composite number?
True
Let v(s) = 3*s + 2. Let w be v(-2). Let p = w - -6. Suppose -p*t + 5*t - 69 = 0. Is t a prime number?
True
Let t = 135 - -158. Is t prime?
True
Let k(s) = -203*s**3 - s**2 - 2*s - 1. Let b = 7 - 11. Let x be b/2*(-5)/(-10). Is k(x) a composite number?
True
Suppose -4*b = 3*c + 29, 5*c + 35 = -7*b + 3*b. Let h = 62 - 90. Is (15/6 + c)*h composite?
True
Let x(p) = -p**3 - 4*p**2 + 3. Let k be x(-3). Is (-1336)/k + 1/3 composite?
False
Suppose -13*b = -19*b. Let v(l) = 161 + l - l**2 + 5*l**3 + 0*l**3 - 4*l**3. Is v(b) prime?
False
Let r(v) = -127*v + 15. Is r(-8) prime?
True
Suppose 2*h + 3*v - v + 6 = 0, -5*v = -3*h - 1. Let o be h/(-9) - 32/(-18). Is (-3)/6 - (-53)/o a prime number?
False
Is 677/(-1)*(-22 - -21) prime?
True
Suppose 3*n = -5*q + 1 + 10, -q + n + 7 = 0. Is q a composite number?
True
Suppose 0*j + 2*p = -j - 1, 7 = j - 2*p. Let k(n) = 4*n - 9 + 6 + 1. Is k(j) prime?
False
Let b be 1 - -2 - 5 - -96. Suppose -4*k + 557 = 5*z, z - 4*k = k + b. Is z prime?
True
Suppose -3*c = -5*v + 627, -3*v = -2*c - 118 - 259. Is v prime?
False
Is (23683/33)/(2/6) a composite number?
False
Let d = 11 + -7. Let b = d + -1. Suppose 0 = -3*u - 5*c + 78, 0*c + 4*c = b*u - 51. Is u composite?
True
Suppose -55*h + 892 = -51*h. Is h prime?
True
Let p = 6 + -2. Suppose -2*n = 4*v - 58, -141 = -p*n + v - 52. Let o = n - 13. Is o prime?
False
Is 4 + 249 - ((1 - 0) + 1) a prime number?
True
Let m = 26 - 7. Is m a prime number?
True
Let f(q) = -2*q**2 + q - 13. Let i(z) = z**2 + 6. Let d(t) = -4*f(t) - 9*i(t). Let y be d(-2). Is (y - 70/(-4))*2 composite?
True
Is (-2)/(-6) + (-98)/(-3) prime?
False
Suppose 0 = -p - 1, -2*q - q - p + 992 = 0. Is q composite?
False
Let k = 81 - 19. Is k composite?
True
Let j(r) = 233*r**2 - r - 1. Let q(k) = -k + 7. Let y be q(8). Is j(y) prime?
True
Suppose -z = -5*p + 1883, 2*p + z = -0*z + 749. Suppose 0*r + p = 2*r. Supp